24/p + 72/(-120) a prime number?
True
Let c(d) = 87*d**2 + 7*d - 1117. Is c(-39) a composite number?
True
Let r = 16418 - -3033. Is r composite?
True
Suppose -5*n = -4*n - 2*o - 19, -49 = -n - 4*o. Let c = 4 - -1. Suppose -c*s + 69 = 3*j, -4*j - s + n + 63 = 0. Is j a prime number?
True
Suppose 7*p + 0*p = 14. Let y = -3355 + 5759. Suppose -4*c + 4784 = -4*g, 0*c - y = -p*c - 4*g. Is c composite?
True
Suppose -a + 249 = 3*v + 2*a, -168 = -2*v - a. Let p = v + -81. Suppose -z - 2498 = -4*r - p*z, 3*r - z = 1867. Is r composite?
True
Let k = 31824 + 55003. Is k composite?
True
Let l(r) = -r**2 + 11*r - 25. Let w be l(8). Let t(k) = 15*k**2 - 13*k**2 - 186*k**3 + 3*k + 2 - 2*k - 4*k**2. Is t(w) a composite number?
True
Suppose -k = -0*k - 3*b - 548, -5*b = -3*k + 1656. Suppose k = -11*i + 12*i. Is i composite?
False
Suppose -b + 4 = -0. Suppose 3*w + b*u - 15 = 0, -1 = -6*w + 2*w + u. Is 18/(-4)*(w + (-425)/3) a prime number?
False
Let y(h) = 1816*h**2 - 3*h + 5. Let u be y(2). Suppose u + 3922 = 5*s. Is s composite?
False
Is (-54)/(-243)*(-289647)/(-2) a composite number?
False
Suppose 0*p + 5*d - 2200 = p, -3*d - 8869 = 4*p. Suppose -9*v + 14*v + a + 6088 = 0, 5*a - 4882 = 4*v. Let b = v - p. Is b a prime number?
True
Suppose -b + 3704066 = 4*p, -5*p + 2*b + 3359315 + 1270774 = 0. Is p prime?
True
Let f(d) = -15*d + 2*d - 8 - 13*d - 29*d. Is f(-7) a prime number?
False
Let x = 138318 + -48640. Is x composite?
True
Suppose 11*z + 27295 = 6*z. Let v = -3798 - z. Suppose -5*f + 3*l + 3668 = 0, l = -4*f + 1270 + v. Is f composite?
False
Let m = 10 - -37. Let h = 84 - m. Let u = 140 - h. Is u composite?
False
Let g(w) = -87798*w**3 - w**2 - 12*w - 12. Is g(-1) prime?
True
Let r be (-1*8/20)/((-1)/(-15)). Is (r + -2655)*3/(-9) prime?
True
Suppose -15 = -f + 6*f. Let w(u) = 3*u**2 - u - 8. Let z be w(f). Suppose 486 + z = 4*k. Is k prime?
True
Suppose 0 = -4*j - 19 + 15. Let w be -1*(j/1 + -1). Suppose 0 = w*q - 4083 + 553. Is q prime?
False
Suppose 0 = -3*h - w + 11658, -h = 3*w - 5*w - 3886. Suppose -22*m = h - 48458. Is m a prime number?
False
Suppose 4*c - 3*f = -0*c + 26, -c = -5*f - 15. Suppose 4*y = -d + 7, -c*y + 7*y = -2*d - 4. Suppose 0 = 4*z - s - 14560, -s + 16 = y*s. Is z composite?
True
Suppose -57*p - 114*p + 92117187 = 0. Is p a composite number?
False
Let k be 3 + (-3)/((-9)/6). Suppose 0 = x + 3*c - 1522 + 56, -2*x - c + 2932 = 0. Suppose 2*q - 2982 = 4*f, -k*f + 2*f = q - x. Is q a composite number?
False
Let a = 11 - 8. Let p be a*(1/4 + 7/(-12)). Is -2 + 49*(21 - (p + 1)) composite?
True
Is -2327*558/(-30) - 8/(-10) a prime number?
True
Let h = -109 + 109. Let q(o) = -65*o + 15 - 70*o + h + 7. Is q(-15) prime?
False
Suppose x + 3*x + h - 11 = 0, -3*x + 3*h + 27 = 0. Suppose -5*m + 10263 = -x*c, 3*m = m - 5*c + 4092. Is m composite?
True
Let w(z) be the second derivative of 241*z**3/3 + 55*z**2/2 + 2*z + 74. Is w(9) a composite number?
True
Let x = 1753 + 437. Let l = x - 569. Is l prime?
True
Suppose -4*s = -3*w - 2*w + 46, -4*s + 2 = 3*w. Is (-5 - -13 - w) + 4689 composite?
False
Suppose -8*r - 7 = 2*y - 13*r, -5*y + 29 = 3*r. Suppose -y*z - 21*j + 12896 = -20*j, 3*z - 9649 = 5*j. Is z a composite number?
True
Let b = 876 + -242. Suppose -4*h + 4168 = -5*m, -2*h - m + 2098 = -0*m. Let f = h - b. Is f prime?
False
Let s(a) = 113*a**2 + 5*a + 25. Let d be s(6). Suppose -l + d = 3*q, l - 4103 = 17*q - 15*q. Is l a prime number?
True
Let q(i) = 3*i**2 - 11*i + 10. Suppose 4*o - 27 = 13. Let h be q(o). Let y = h - -195. Is y a composite number?
True
Let l = 42518 + 71. Is l a composite number?
False
Let k = -27 - -32. Let q(b) = 2*b - 7. Let l be q(k). Is (-912 - (4 - l))/(-1 - 0) a prime number?
False
Let p = 296505 - -68584. Is p a prime number?
True
Let f = 713645 - 324138. Is f prime?
True
Let f = -162056 + 616399. Is f a prime number?
False
Let j be ((-1932)/126)/((-1)/495). Let g = 11971 - j. Is g composite?
True
Suppose 16*v - 23314 + 290 = 0. Is v a composite number?
False
Let g = 246109 - 161152. Is g a prime number?
False
Let z = 78 - 76. Let p(c) = -21*c + 7*c**2 - 4*c**z + 41 + 4*c + 2*c. Is p(19) prime?
True
Suppose -21*p - 19*p - 29*p = -10462263. Is p prime?
False
Suppose -129*t + 67*t - 2473365 = -77*t. Is t prime?
False
Let y = 26868 + -40668. Is 2/11 - 0 - y/88 prime?
True
Let u = 7075 - 15900. Let x = u - -17404. Is x a prime number?
False
Let m(j) be the second derivative of -209*j**6/720 - 13*j**5/120 - 11*j**4/6 - 4*j. Let v(y) be the third derivative of m(y). Is v(-3) prime?
False
Suppose 16 = 4*y, 1531 = -50*n + 55*n - y. Is n composite?
False
Suppose 4*x + 3*p = -p + 351312, -4*x = -2*p - 351342. Is x prime?
True
Let u = 71878 - 10065. Is u composite?
False
Suppose n + 0*p - 5 = -p, 2*n - p + 5 = 0. Suppose n*f = f - 1. Let o(v) = 87*v. Is o(f) prime?
False
Let j(u) = 1985294*u**2 - 120*u + 123. Is j(1) composite?
True
Suppose 0 = 4*o + 2*a - 4430 - 82, -o + 4*a = -1110. Let d be 9366/(-12) - 2/(-4). Let j = o + d. Is j a composite number?
True
Let s = 137770 + -88371. Is s prime?
False
Suppose 9*t = 2*t + 42. Suppose t*q = -3*q + 2*q. Suppose q = -6*o + 1175 + 1063. Is o a composite number?
False
Let c(u) = 1211*u**2 - 5*u - 3. Let y(s) = 11*s - 56. Let f be y(5). Is c(f) prime?
True
Is 20337/(-4)*55648/(-2220)*(-5)/(-2) a prime number?
False
Suppose 18*o + 2*j + 10 = 21*o, 19 = 5*o - j. Suppose 36757 = 5*a - o*b, -5*b + 14689 = 2*a - 2*b. Is a a composite number?
False
Is (-2 + 32)*13877891/318 a prime number?
False
Suppose -7*u + 6*c = 4*c - 167019, u - 3*c = 23849. Is u a composite number?
True
Let i = 942766 + -120513. Is i prime?
True
Suppose -14*q + 0*q + 112 = 0. Let n be (q/(-10))/((-1)/5 - 0). Suppose -c + 5*b = -4*c + 2942, -3912 = -4*c + n*b. Is c a composite number?
True
Let s = 19 - 16. Suppose -s*u = -4500 - 678. Is u prime?
False
Let d be (-60)/(-90) - (1 + 4/(-3)). Let s be 2*d/((-1)/43). Let b = 143 + s. Is b prime?
False
Let y = 4171 + -2922. Is y a composite number?
False
Is (4/6)/((-294)/(-71587971)) prime?
False
Suppose -3*v = 2*b - 40465, -5*v + 39944 = 2*b - 507. Is b a composite number?
True
Suppose 3*c - s + 200 = -6*s, 5*s = -4*c - 260. Let r be (3 - c/27) + 2/(-9). Suppose -3*j = -4*y - 797, -8*j - 529 = -10*j + r*y. Is j prime?
False
Let r be 7/(-2)*(-30)/21 - -23774. Suppose -7*i + 17052 = -r. Is i prime?
False
Suppose 0 = 33*x - 23*x - 115570. Let n = -7230 + x. Is n prime?
True
Let t = 70458 + 278593. Is t composite?
False
Suppose 60*w - 10950439 = -4668914 + 7242295. Is w a prime number?
False
Suppose 49 - 340 = -3*y. Let z be 5/10*-7*4*-3. Let q = y - z. Is q prime?
False
Let r(s) = -5*s**2 + 16*s - 8*s**2 - 2*s**2 + 17*s**2 + 18. Let u be r(-7). Suppose u*w - 5658 = 4*y - 1310, 5435 = 5*w + y. Is w composite?
False
Is 2078051 + (-8 + 4 - -7 - 3) a composite number?
False
Let o(j) be the third derivative of 0*j + 2/5*j**5 + 0 - 19/24*j**4 + 5/2*j**3 - 29*j**2. Is o(8) composite?
False
Let h = 2690 + -1516. Let r(z) = z**2 + z + 2. Let n be r(0). Is (n + 2)/(4/h) a composite number?
True
Let q(h) = -31752*h - 619. Is q(-4) a prime number?
False
Let b(h) = 47*h**2 - 1089*h - 237. Is b(109) composite?
True
Suppose -9*r + 25232 - 173885 = 0. Let s = r - -26288. Is s a composite number?
True
Let o = -92378 - -166197. Is o a prime number?
True
Suppose 0 = -p - 3*h + 5943, 3*p + 43*h - 17817 = 40*h. Suppose -119*b = -116*b - p. Is b a prime number?
True
Suppose -v + 1 = 0, v - 13 = -2*a + 6. Suppose -a*z + 12*z = 768. Let y = z - 111. Is y composite?
True
Let p = 12 - 8. Suppose 4*s = 2*b - 0*s - 916, 0 = 4*b + p*s - 1880. Is b a prime number?
False
Suppose 61*g - 3765966 = 238*g - 29101215. Is g composite?
False
Let l be (1 - -3) + 13 + (-490842)/(-9). Suppose m = -m + 2*p + 27280, 0 = -4*m - p + l. Is m a composite number?
True
Suppose -308*j + 5*j = -16926909 - 10420962. Is j a prime number?
False
Let s(l) = 16223*l + 50. Let p be s(4). Suppose 58086 + p = 4*f. Is f prime?
True
Let c(m) = -m**2 - 4*m + 14. Let w be c(-6). Suppose w*y - 8 = 0, 5*z - 3 = 3*y - 15. Suppose 5*j + 3*q - 961 = z, q = -0*j + j - 197. Is j a composite number?
True
Let a(y) = y**3 + 11*y**2 - 3*y - 25. Let c be a(-11). Suppose 49*j - 53*j = -c. Suppose 9333 = -j*t + 11*t. Is t prime?
False
Suppose -4*